{"id":5148,"date":"2026-04-24T19:09:19","date_gmt":"2026-04-24T19:09:19","guid":{"rendered":"https:\/\/ironmoto.lt\/store\/product\/jt-priekine-zvaigzdute-jtf704-17rb-17z-dydis-525-su-vibracijos-slopintuvu-jtf704-17rb\/"},"modified":"2026-04-24T19:09:19","modified_gmt":"2026-04-24T19:09:19","slug":"jt-priekine-zvaigzdute-jtf704-17rb-17z-dydis-525-su-vibracijos-slopintuvu-jtf704-17rb","status":"publish","type":"product","link":"https:\/\/ironmoto.lt\/store\/product\/jt-priekine-zvaigzdute-jtf704-17rb-17z-dydis-525-su-vibracijos-slopintuvu-jtf704-17rb\/","title":{"rendered":"JT priekin\u0117 \u017evaig\u017edut\u0117 JTF704.17RB, 17z dydis 525 su vibracijos slopintuvu &#8211; JTF704.17RB"},"content":{"rendered":"","protected":false},"excerpt":{"rendered":"","protected":false},"featured_media":5147,"comment_status":"open","ping_status":"closed","template":"","meta":[],"product_brand":[],"product_cat":[717],"product_tag":[],"class_list":{"0":"post-5148","1":"product","2":"type-product","3":"status-publish","4":"has-post-thumbnail","6":"product_cat-grandines-ir-zvaigzdes","8":"first","9":"onbackorder","10":"shipping-taxable","11":"purchasable","12":"product-type-simple"},"_links":{"self":[{"href":"https:\/\/ironmoto.lt\/store\/wp-json\/wp\/v2\/product\/5148","targetHints":{"allow":["GET"]}}],"collection":[{"href":"https:\/\/ironmoto.lt\/store\/wp-json\/wp\/v2\/product"}],"about":[{"href":"https:\/\/ironmoto.lt\/store\/wp-json\/wp\/v2\/types\/product"}],"replies":[{"embeddable":true,"href":"https:\/\/ironmoto.lt\/store\/wp-json\/wp\/v2\/comments?post=5148"}],"wp:featuredmedia":[{"embeddable":true,"href":"https:\/\/ironmoto.lt\/store\/wp-json\/wp\/v2\/media\/5147"}],"wp:attachment":[{"href":"https:\/\/ironmoto.lt\/store\/wp-json\/wp\/v2\/media?parent=5148"}],"wp:term":[{"taxonomy":"product_brand","embeddable":true,"href":"https:\/\/ironmoto.lt\/store\/wp-json\/wp\/v2\/product_brand?post=5148"},{"taxonomy":"product_cat","embeddable":true,"href":"https:\/\/ironmoto.lt\/store\/wp-json\/wp\/v2\/product_cat?post=5148"},{"taxonomy":"product_tag","embeddable":true,"href":"https:\/\/ironmoto.lt\/store\/wp-json\/wp\/v2\/product_tag?post=5148"}],"curies":[{"name":"wp","href":"https:\/\/api.w.org\/{rel}","templated":true}]}}