{"id":2507,"date":"2026-04-02T06:51:43","date_gmt":"2026-04-02T06:51:43","guid":{"rendered":"https:\/\/ironmoto.lt\/store\/product\/pirelli-scorpion-rally-str-140-80r17-69v-tl-ms-padanga\/"},"modified":"2026-04-06T20:43:44","modified_gmt":"2026-04-06T20:43:44","slug":"pirelli-scorpion-rally-str-140-80r17-69v-tl-ms-padanga","status":"publish","type":"product","link":"https:\/\/ironmoto.lt\/store\/product\/pirelli-scorpion-rally-str-140-80r17-69v-tl-ms-padanga\/","title":{"rendered":"Pirelli Scorpion Rally STR 140\/80R17 69V TL M+S padanga"},"content":{"rendered":"<p>Visi\u0161kai nauja \u017einomo prek\u0117s \u017eenklo Pirelli padanga, modelis Scorpion Rally STR<\/p>\n<ul>\n<li><strong>Gamintojas:<\/strong> Pirelli<\/li>\n<li><strong>Kategorija:<\/strong> Padangos &gt; Offroad &gt; Universalios padangos<\/li>\n<li><strong>EAN:<\/strong> 8019227286557<\/li>\n<li><strong>Tiek\u0117jo kodas:<\/strong> 2945833<\/li>\n<li><strong>U\u017esakymas:<\/strong> prek\u0117 tiekiama pagal u\u017esakym\u0105, tod\u0117l rodoma kaip i\u0161ankstinis u\u017esakymas.<\/li>\n<\/ul>\n<p><a href=\"https:\/\/customer-reports.gmoto.pl\/image\/2945833\/17_1?sig=3bd8423c41185b9d6e56ace367918ba96852097832dc61a5c2c61c554a73a891\" target=\"_blank\" rel=\"noopener\">Per\u017ei\u016br\u0117ti tiek\u0117jo nuotrauk\u0105<\/a><\/p>\n","protected":false},"excerpt":{"rendered":"<p>Visi\u0161kai nauja \u017einomo prek\u0117s \u017eenklo Pirelli padanga, modelis Scorpion Rally STR U\u017esakoma pagal tiek\u0117j\u0105.<\/p>\n","protected":false},"featured_media":0,"comment_status":"open","ping_status":"closed","template":"","meta":[],"product_brand":[],"product_cat":[373],"product_tag":[71],"class_list":{"0":"post-2507","1":"product","2":"type-product","3":"status-publish","5":"product_cat-universalios-padangos-offroad-padangos-2","6":"product_tag-pirelli","8":"first","9":"onbackorder","10":"sale","11":"shipping-taxable","12":"purchasable","13":"product-type-simple"},"_links":{"self":[{"href":"https:\/\/ironmoto.lt\/store\/wp-json\/wp\/v2\/product\/2507","targetHints":{"allow":["GET"]}}],"collection":[{"href":"https:\/\/ironmoto.lt\/store\/wp-json\/wp\/v2\/product"}],"about":[{"href":"https:\/\/ironmoto.lt\/store\/wp-json\/wp\/v2\/types\/product"}],"replies":[{"embeddable":true,"href":"https:\/\/ironmoto.lt\/store\/wp-json\/wp\/v2\/comments?post=2507"}],"wp:attachment":[{"href":"https:\/\/ironmoto.lt\/store\/wp-json\/wp\/v2\/media?parent=2507"}],"wp:term":[{"taxonomy":"product_brand","embeddable":true,"href":"https:\/\/ironmoto.lt\/store\/wp-json\/wp\/v2\/product_brand?post=2507"},{"taxonomy":"product_cat","embeddable":true,"href":"https:\/\/ironmoto.lt\/store\/wp-json\/wp\/v2\/product_cat?post=2507"},{"taxonomy":"product_tag","embeddable":true,"href":"https:\/\/ironmoto.lt\/store\/wp-json\/wp\/v2\/product_tag?post=2507"}],"curies":[{"name":"wp","href":"https:\/\/api.w.org\/{rel}","templated":true}]}}