{"id":2411,"date":"2026-04-02T06:48:41","date_gmt":"2026-04-02T06:48:41","guid":{"rendered":"https:\/\/ironmoto.lt\/store\/product\/ebc-md-6036-d-nerudijancio-plieno-stabdziu-diskas\/"},"modified":"2026-04-06T20:43:45","modified_gmt":"2026-04-06T20:43:45","slug":"ebc-md-6036-d-nerudijancio-plieno-stabdziu-diskas","status":"publish","type":"product","link":"https:\/\/ironmoto.lt\/store\/product\/ebc-md-6036-d-nerudijancio-plieno-stabdziu-diskas\/","title":{"rendered":"EBC MD 6036 D ner\u016bdijan\u010dio plieno stabd\u017ei\u0173 diskas"},"content":{"rendered":"<p>EBC MD D stabd\u017ei\u0173 diskas<\/p>\n<ul>\n<li><strong>Gamintojas:<\/strong> EBC<\/li>\n<li><strong>Kategorija:<\/strong> Dalys &gt; Stabd\u017eiai &gt; Stabd\u017ei\u0173 diskai<\/li>\n<li><strong>EAN:<\/strong> 5050953305320<\/li>\n<li><strong>Tiek\u0117jo kodas:<\/strong> 144216<\/li>\n<li><strong>U\u017esakymas:<\/strong> prek\u0117 tiekiama pagal u\u017esakym\u0105, tod\u0117l rodoma kaip i\u0161ankstinis u\u017esakymas.<\/li>\n<\/ul>\n<p><a href=\"https:\/\/customer-reports.gmoto.pl\/image\/144216\/17_1?sig=055274a3051153f2bb4139ea95920a6ed3be70d2d0883bd27bacfdbec5abad3c\" target=\"_blank\" rel=\"noopener\">Per\u017ei\u016br\u0117ti tiek\u0117jo nuotrauk\u0105<\/a><\/p>\n","protected":false},"excerpt":{"rendered":"<p>EBC MD D stabd\u017ei\u0173 diskas U\u017esakoma pagal tiek\u0117j\u0105.<\/p>\n","protected":false},"featured_media":0,"comment_status":"open","ping_status":"closed","template":"","meta":[],"product_brand":[],"product_cat":[715],"product_tag":[90],"class_list":{"0":"post-2411","1":"product","2":"type-product","3":"status-publish","5":"product_cat-stabdziu-diskai-stabdziu-sistemos-dalys","6":"product_tag-ebc","8":"first","9":"onbackorder","10":"sale","11":"shipping-taxable","12":"purchasable","13":"product-type-simple"},"_links":{"self":[{"href":"https:\/\/ironmoto.lt\/store\/wp-json\/wp\/v2\/product\/2411","targetHints":{"allow":["GET"]}}],"collection":[{"href":"https:\/\/ironmoto.lt\/store\/wp-json\/wp\/v2\/product"}],"about":[{"href":"https:\/\/ironmoto.lt\/store\/wp-json\/wp\/v2\/types\/product"}],"replies":[{"embeddable":true,"href":"https:\/\/ironmoto.lt\/store\/wp-json\/wp\/v2\/comments?post=2411"}],"wp:attachment":[{"href":"https:\/\/ironmoto.lt\/store\/wp-json\/wp\/v2\/media?parent=2411"}],"wp:term":[{"taxonomy":"product_brand","embeddable":true,"href":"https:\/\/ironmoto.lt\/store\/wp-json\/wp\/v2\/product_brand?post=2411"},{"taxonomy":"product_cat","embeddable":true,"href":"https:\/\/ironmoto.lt\/store\/wp-json\/wp\/v2\/product_cat?post=2411"},{"taxonomy":"product_tag","embeddable":true,"href":"https:\/\/ironmoto.lt\/store\/wp-json\/wp\/v2\/product_tag?post=2411"}],"curies":[{"name":"wp","href":"https:\/\/api.w.org\/{rel}","templated":true}]}}