{"id":2342,"date":"2026-04-01T18:22:48","date_gmt":"2026-04-01T18:22:48","guid":{"rendered":"https:\/\/ironmoto.lt\/store\/product\/motul-5100-4t-10w40-pusiau-sintetine-varikline-alyva-4l-104068\/"},"modified":"2026-04-06T20:43:47","modified_gmt":"2026-04-06T20:43:47","slug":"motul-5100-4t-10w40-pusiau-sintetine-varikline-alyva-4l-104068","status":"publish","type":"product","link":"https:\/\/ironmoto.lt\/store\/product\/motul-5100-4t-10w40-pusiau-sintetine-varikline-alyva-4l-104068\/","title":{"rendered":"Motul 5100 4T 10W40 pusiau sintetin\u0117 variklin\u0117 alyva 4 l &#8211; 104068"},"content":{"rendered":"<p>Motul 5100 4T 10W40 pusiau sintetin\u0117 variklin\u0117 alyva 4 l &#8211; 104068. Skirta patikimam variklio tepimui ir reguliariai prie\u017ei\u016brai.<\/p>\n<ul>\n<li><strong>Gamintojas:<\/strong> Motul<\/li>\n<li><strong>Kategorija:<\/strong> Variklin\u0117s alyvos<\/li>\n<li><strong>Kodas:<\/strong> 104068<\/li>\n<li><strong>Prieinamumas:<\/strong> Prek\u0117 u\u017esakoma pagal tiek\u0117jo sand\u0117l\u012f.<\/li>\n<\/ul>\n","protected":false},"excerpt":{"rendered":"<p>Motul 5100 4T 10W40 pusiau sintetin\u0117 variklin\u0117 alyva 4 l &#8211; 104068. Skirta patikimam variklio tepimui ir reguliariai prie\u017ei\u016brai.<\/p>\n","protected":false},"featured_media":2873,"comment_status":"open","ping_status":"closed","template":"","meta":[],"product_brand":[],"product_cat":[725],"product_tag":[],"class_list":{"0":"post-2342","1":"product","2":"type-product","3":"status-publish","4":"has-post-thumbnail","6":"product_cat-variklines-alyvos-alyvos-ir-skysciai","8":"first","9":"onbackorder","10":"sale","11":"shipping-taxable","12":"purchasable","13":"product-type-simple"},"_links":{"self":[{"href":"https:\/\/ironmoto.lt\/store\/wp-json\/wp\/v2\/product\/2342","targetHints":{"allow":["GET"]}}],"collection":[{"href":"https:\/\/ironmoto.lt\/store\/wp-json\/wp\/v2\/product"}],"about":[{"href":"https:\/\/ironmoto.lt\/store\/wp-json\/wp\/v2\/types\/product"}],"replies":[{"embeddable":true,"href":"https:\/\/ironmoto.lt\/store\/wp-json\/wp\/v2\/comments?post=2342"}],"wp:featuredmedia":[{"embeddable":true,"href":"https:\/\/ironmoto.lt\/store\/wp-json\/wp\/v2\/media\/2873"}],"wp:attachment":[{"href":"https:\/\/ironmoto.lt\/store\/wp-json\/wp\/v2\/media?parent=2342"}],"wp:term":[{"taxonomy":"product_brand","embeddable":true,"href":"https:\/\/ironmoto.lt\/store\/wp-json\/wp\/v2\/product_brand?post=2342"},{"taxonomy":"product_cat","embeddable":true,"href":"https:\/\/ironmoto.lt\/store\/wp-json\/wp\/v2\/product_cat?post=2342"},{"taxonomy":"product_tag","embeddable":true,"href":"https:\/\/ironmoto.lt\/store\/wp-json\/wp\/v2\/product_tag?post=2342"}],"curies":[{"name":"wp","href":"https:\/\/api.w.org\/{rel}","templated":true}]}}