{"id":1039,"date":"2026-03-14T13:25:56","date_gmt":"2026-03-14T13:25:56","guid":{"rendered":"https:\/\/ironmoto.lt\/store\/product\/ebc-h333-wg-stabdziu-kaladeles\/"},"modified":"2026-04-06T20:43:51","modified_gmt":"2026-04-06T20:43:51","slug":"ebc-h333-wg-stabdziu-kaladeles","status":"publish","type":"product","link":"https:\/\/ironmoto.lt\/store\/product\/ebc-h333-wg-stabdziu-kaladeles\/","title":{"rendered":"EBC H333 WG stabd\u017ei\u0173 kalad\u0117l\u0117s"},"content":{"rendered":"<p>EBC stabd\u017ei\u0173 kalad\u0117l\u0117s<\/p>\n<ul>\n<li><strong>Gamintojas:<\/strong> EBC<\/li>\n<li><strong>Kategorija:<\/strong> Dalys &gt; Stabd\u017eiai &gt; Stabd\u017ei\u0173 kalad\u0117l\u0117s &gt; Stabd\u017ei\u0173 trinkel\u0117s (b\u016bgniniams stabd\u017eiams)<\/li>\n<li><strong>EAN:<\/strong> 5050953101687<\/li>\n<li><strong>Tiek\u0117jo kodas:<\/strong> 143991<\/li>\n<li><strong>U\u017esakymas:<\/strong> prek\u0117 tiekiama pagal u\u017esakym\u0105, tod\u0117l rodoma kaip i\u0161ankstinis u\u017esakymas.<\/li>\n<\/ul>\n<p><a href=\"https:\/\/customer-reports.gmoto.pl\/image\/143991\/17_1?sig=e3b2c3a2ad4da35cdb00c64bf3ca0cc8761df14e02c6368631fddc12d0f1db05\" target=\"_blank\" rel=\"noopener\">Per\u017ei\u016br\u0117ti tiek\u0117jo nuotrauk\u0105<\/a><\/p>\n","protected":false},"excerpt":{"rendered":"<p>EBC stabd\u017ei\u0173 kalad\u0117l\u0117s U\u017esakoma pagal tiek\u0117j\u0105.<\/p>\n","protected":false},"featured_media":1594,"comment_status":"open","ping_status":"closed","template":"","meta":[],"product_brand":[],"product_cat":[716],"product_tag":[90],"class_list":{"0":"post-1039","1":"product","2":"type-product","3":"status-publish","4":"has-post-thumbnail","6":"product_cat-stabdziu-kaladeles-stabdziu-sistemos-dalys","7":"product_tag-ebc","9":"first","10":"onbackorder","11":"sale","12":"shipping-taxable","13":"purchasable","14":"product-type-simple"},"_links":{"self":[{"href":"https:\/\/ironmoto.lt\/store\/wp-json\/wp\/v2\/product\/1039","targetHints":{"allow":["GET"]}}],"collection":[{"href":"https:\/\/ironmoto.lt\/store\/wp-json\/wp\/v2\/product"}],"about":[{"href":"https:\/\/ironmoto.lt\/store\/wp-json\/wp\/v2\/types\/product"}],"replies":[{"embeddable":true,"href":"https:\/\/ironmoto.lt\/store\/wp-json\/wp\/v2\/comments?post=1039"}],"wp:featuredmedia":[{"embeddable":true,"href":"https:\/\/ironmoto.lt\/store\/wp-json\/wp\/v2\/media\/1594"}],"wp:attachment":[{"href":"https:\/\/ironmoto.lt\/store\/wp-json\/wp\/v2\/media?parent=1039"}],"wp:term":[{"taxonomy":"product_brand","embeddable":true,"href":"https:\/\/ironmoto.lt\/store\/wp-json\/wp\/v2\/product_brand?post=1039"},{"taxonomy":"product_cat","embeddable":true,"href":"https:\/\/ironmoto.lt\/store\/wp-json\/wp\/v2\/product_cat?post=1039"},{"taxonomy":"product_tag","embeddable":true,"href":"https:\/\/ironmoto.lt\/store\/wp-json\/wp\/v2\/product_tag?post=1039"}],"curies":[{"name":"wp","href":"https:\/\/api.w.org\/{rel}","templated":true}]}}